{"id":5299,"date":"2021-05-18T17:07:15","date_gmt":"2021-05-18T15:07:15","guid":{"rendered":"http:\/\/powstaniewielkopolskie.pl\/nowa\/?page_id=5299"},"modified":"2025-02-04T17:16:24","modified_gmt":"2025-02-04T16:16:24","slug":"testowa","status":"publish","type":"page","link":"https:\/\/powstaniewielkopolskie.pl\/nowa\/?page_id=5299","title":{"rendered":"Wzory deklaracji i wniosk\u00f3w\/ Uchwa\u0142y Zarz\u0105du G\u0142\u00f3wnego"},"content":{"rendered":"\n<div data-wp-interactive=\"\" class=\"wp-block-file\"><object data-wp-bind--hidden=\"!selectors.core.file.hasPdfPreview\" hidden class=\"wp-block-file__embed\" data=\"https:\/\/powstaniewielkopolskie.pl\/nowa\/wp-content\/uploads\/2024\/04\/Deklaracja-czlonkowska-TPPW.pdf\" type=\"application\/pdf\" style=\"width:100%;height:600px\" aria-label=\"Osadzone z Deklaracja-czlonkowska-TPPW.\"><\/object><a id=\"wp-block-file--media-aeb8a73a-d720-484e-9940-279de77f71a2\" href=\"https:\/\/powstaniewielkopolskie.pl\/nowa\/wp-content\/uploads\/2024\/04\/Deklaracja-czlonkowska-TPPW.pdf\">Deklaracja-czlonkowska-TPPW<\/a><a href=\"https:\/\/powstaniewielkopolskie.pl\/nowa\/wp-content\/uploads\/2024\/04\/Deklaracja-czlonkowska-TPPW.pdf\" class=\"wp-block-file__button wp-element-button\" download aria-describedby=\"wp-block-file--media-aeb8a73a-d720-484e-9940-279de77f71a2\">Pobierz<\/a><\/div>\n\n\n\n<p><\/p>\n\n\n\n<p><\/p>\n\n\n\n<p><\/p>\n\n\n\n<p class=\"has-text-align-center\"><strong>Wniosek<\/strong><br><strong>o nadanie Honorowej Odznaki TPPW<\/strong> \u201e<strong>Wierni Tradycji\u201d<\/strong><\/p>\n\n\n\n<figure class=\"wp-block-table\"><table><tbody><tr><td>Wnioskodawca:<br><br><\/td><td>Imi\u0119 i nazwisko kandydata:<br><br><\/td><td>Imi\u0119 ojca:<br><br><\/td><\/tr><tr><td>Data i miejsce urodzenia:<br><\/td><td colspan=\"2\">Adres zamieszkania:<br><br><\/td><\/tr><tr><td>Miejsce pracy:<br>Stanowisko:<br><\/td><td colspan=\"2\">Pe\u0142nione funkcje spo\u0142eczne:<\/td><\/tr><tr><td colspan=\"3\">Uzasadnienie:<br><br><br><br><br><\/td><\/tr><tr><td colspan=\"3\">Decyzja Kapitu\u0142y:<br><br><br><br><br> Przewodnicz\u0105cy Kapitu\u0142y Odznaki TPPW:<\/td><\/tr><tr><td colspan=\"3\">Wnioskodawca:                                                                 <br><br><br><br>Data sporz\u0105dzenia wniosku:<br><br><\/td><\/tr><\/tbody><\/table><\/figure>\n\n\n\n<div data-wp-interactive=\"\" class=\"wp-block-file\"><object data-wp-bind--hidden=\"!selectors.core.file.hasPdfPreview\" hidden class=\"wp-block-file__embed\" data=\"http:\/\/powstaniewielkopolskie.pl\/nowa\/wp-content\/uploads\/2025\/02\/Wniosek_Odznaka-osoba-fizyczna-aktualny-1.pdf\" type=\"application\/pdf\" style=\"width:100%;height:260px\" aria-label=\"Osadzone z Wniosek_Odznaka (osoba fizyczna) aktualny.\"><\/object><a id=\"wp-block-file--media-124c4d42-3be6-4764-b34c-d90e18883977\" href=\"http:\/\/powstaniewielkopolskie.pl\/nowa\/wp-content\/uploads\/2025\/02\/Wniosek_Odznaka-osoba-fizyczna-aktualny-1.pdf\">Wniosek_Odznaka (osoba fizyczna) aktualny<\/a><a href=\"http:\/\/powstaniewielkopolskie.pl\/nowa\/wp-content\/uploads\/2025\/02\/Wniosek_Odznaka-osoba-fizyczna-aktualny-1.pdf\" class=\"wp-block-file__button wp-element-button\" download aria-describedby=\"wp-block-file--media-124c4d42-3be6-4764-b34c-d90e18883977\">Pobierz<\/a><\/div>\n\n\n\n<p class=\"has-text-align-center\"><strong>Wniosek<\/strong><br><strong>o nadanie Z\u0142otej Honorowej Odznaki TPPW<\/strong> <strong>Wierni Tradycji\u201d<\/strong><\/p>\n\n\n\n<figure class=\"wp-block-table\"><table><tbody><tr><td>Wnioskodawca:<br><br><\/td><td>Imi\u0119 i nazwisko kandydata:<br><br><\/td><td>Imi\u0119 ojca:<br><br><\/td><\/tr><tr><td>Data i miejsce urodzenia:<br><\/td><td colspan=\"2\">Adres zamieszkania:<br><br><\/td><\/tr><tr><td>Miejsce pracy:<br>Stanowisko:<br><\/td><td colspan=\"2\">Pe\u0142nione funkcje spo\u0142eczne:<\/td><\/tr><tr><td colspan=\"3\">Uzasadnienie:<br><br><br><br><br><\/td><\/tr><tr><td colspan=\"3\">Decyzja Kapitu\u0142y:<br><br><br><br><br>Przewodnicz\u0105cy Kapitu\u0142y Odznaki TPPW:<\/td><\/tr><tr><td colspan=\"3\">Wnioskodawca:                                                                        <br><br><br><br>Data sporz\u0105dzenia wniosku:<br><br><\/td><\/tr><\/tbody><\/table><\/figure>\n\n\n\n<div data-wp-interactive=\"\" class=\"wp-block-file\"><object data-wp-bind--hidden=\"!selectors.core.file.hasPdfPreview\" hidden class=\"wp-block-file__embed\" data=\"http:\/\/powstaniewielkopolskie.pl\/nowa\/wp-content\/uploads\/2025\/02\/Oswiadczenie-RODO-Medal-Wierni-Tradycji.pdf\" type=\"application\/pdf\" style=\"width:100%;height:200px\" aria-label=\"Osadzone z O\u015bwiadczenie RODO Medal Wierni Tradycji.\"><\/object><a id=\"wp-block-file--media-67794b93-f99c-4f05-a53c-3ca8f38eb9f9\" href=\"http:\/\/powstaniewielkopolskie.pl\/nowa\/wp-content\/uploads\/2025\/02\/Oswiadczenie-RODO-Medal-Wierni-Tradycji.pdf\">O\u015bwiadczenie RODO Medal Wierni Tradycji<\/a><a href=\"http:\/\/powstaniewielkopolskie.pl\/nowa\/wp-content\/uploads\/2025\/02\/Oswiadczenie-RODO-Medal-Wierni-Tradycji.pdf\" class=\"wp-block-file__button wp-element-button\" download aria-describedby=\"wp-block-file--media-67794b93-f99c-4f05-a53c-3ca8f38eb9f9\">Pobierz<\/a><\/div>\n\n\n\n<p class=\"has-text-align-center\"><strong>Uchwa\u0142a<br>Zarz\u0105du G\u0142\u00f3wnego TPPW<br>z dnia 26.10.2024 r.<br>w sprawie sk\u0142adek cz\u0142onkowskich<\/strong><\/p>\n\n\n\n<p>Wysoko\u015b\u0107 sk\u0142adek cz\u0142onkowskich w Towarzystwie Pami\u0119ci Powstania Wielkopolskiego 1918\/1919 od stycznia 2025 r. wynosi:<\/p>\n\n\n\n<ol>\n<li>dla osoby pracuj\u0105cej 24,- z\u0142. rocznie,<\/li>\n\n\n\n<li>dla emeryta, studenta, ucznia \u2013 12,- z\u0142. rocznie.<br><strong>Uwaga:<\/strong><\/li>\n<\/ol>\n\n\n\n<ul>\n<li>ze sk\u0142adki 24,- z\u0142. :<br>w kole (klubie) pozostaje 12,- z\u0142.<br>do Zarz\u0105du Oddzia\u0142u ko\u0142o przekazuje 8,- z\u0142.<br>do Zarz\u0105du G\u0142\u00f3wnego TPPW \u2013 4,- z\u0142.<\/li>\n\n\n\n<li>ze sk\u0142adki 12,- z\u0142 odpowiednio:<br>w kole pozostaje 6,- z\u0142.<br>do Zarz\u0105du Oddzia\u0142u 4,- z\u0142.<br>do Zarz\u0105du G\u0142\u00f3wnego 2,- z\u0142.<\/li>\n\n\n\n<li>Ko\u0142a Oddzia\u0142u Wielkopolskiego i Ko\u0142a TPPW bezpo\u015brednio podleg\u0142e Zarz\u0105dowi G\u0142\u00f3wnemu przekazuj\u0105 na jego konto 50% zebranych sk\u0142adek (wsp\u00f3lna jest ksi\u0119gowo\u015b\u0107).<\/li>\n\n\n\n<li>Cz\u0142onek Ko\u0142a\/Klubu mo\u017ce dobrowolnie zadeklarowa\u0107 i wp\u0142aci\u0107 sk\u0142adk\u0119 wy\u017csz\u0105 od ustalonej w niniejszej uchwale.<\/li>\n<\/ul>\n\n\n\n<p class=\"has-text-align-center\">Zarz\u0105d G\u0142\u00f3wny <br>Towarzystwa Pami\u0119ci Powstania <br>Wielkopolskiego 1918\/1919<\/p>\n\n\n\n<p>Pozna\u0144,26.10.2024 r.<\/p>\n<div data-animation=\"pulse\" data-icons-animation=\"no-animation\" data-overlay=\"on\" data-change-size=\"\" data-button-size=\"0.7\" style=\"font-size:0.7em;display:none;\" class=\"supsystic-social-sharing supsystic-social-sharing-package-flat supsystic-social-sharing-hide-on-homepage supsystic-social-sharing-content supsystic-social-sharing-content-align-center\" data-text=\"\"><a class=\"social-sharing-button sharer-flat sharer-flat-2 counter-standard digg\" target=\"_blank\" title=\"Digg\" href=\"http:\/\/digg.com\/submit?url=https%3A%2F%2Fpowstaniewielkopolskie.pl%2Fnowa%2F%3Fpage_id%3D5299&title=Wzory+deklaracji+i+wniosk%C3%B3w%2F+Uchwa%C5%82y+Zarz%C4%85du+G%C5%82%C3%B3wnego\" data-nid=\"8\" data-name=\"\" data-pid=\"1\" data-post-id=\"5299\" data-url=\"https:\/\/powstaniewielkopolskie.pl\/nowa\/wp-admin\/admin-ajax.php\" data-url=\"https:\/\/powstaniewielkopolskie.pl\/nowa\/wp-admin\/admin-ajax.php\" data-description=\"Wzory deklaracji i wniosk\u00f3w\/ Uchwa\u0142y Zarz\u0105du G\u0142\u00f3wnego\" rel=\"nofollow\"><i class=\"fa fa-fw fa-digg\"><\/i><div class=\"counter-wrap standard\"><span class=\"counter\">4<\/span><\/div><\/a><a class=\"social-sharing-button sharer-flat sharer-flat-2 counter-standard mail\" target=\"_blank\" title=\"Mail\" href=\"#\" data-nid=\"16\" data-name=\"\" data-pid=\"1\" data-post-id=\"5299\" data-url=\"https:\/\/powstaniewielkopolskie.pl\/nowa\/wp-admin\/admin-ajax.php\" data-url=\"https:\/\/powstaniewielkopolskie.pl\/nowa\/wp-admin\/admin-ajax.php\" data-description=\"Wzory deklaracji i wniosk\u00f3w\/ Uchwa\u0142y Zarz\u0105du G\u0142\u00f3wnego\" rel=\"nofollow\"><i class=\"fa fa-fw fa-envelope-o\"><\/i><div class=\"counter-wrap standard\"><span class=\"counter\">2<\/span><\/div><\/a><a class=\"social-sharing-button sharer-flat sharer-flat-2 counter-standard facebook\" target=\"_blank\" title=\"Facebook\" href=\"http:\/\/www.facebook.com\/sharer.php?u=https%3A%2F%2Fpowstaniewielkopolskie.pl%2Fnowa%2F%3Fpage_id%3D5299\" data-nid=\"1\" data-name=\"\" data-pid=\"1\" data-post-id=\"5299\" data-url=\"https:\/\/powstaniewielkopolskie.pl\/nowa\/wp-admin\/admin-ajax.php\" data-url=\"https:\/\/powstaniewielkopolskie.pl\/nowa\/wp-admin\/admin-ajax.php\" data-description=\"Wzory deklaracji i wniosk\u00f3w\/ Uchwa\u0142y Zarz\u0105du G\u0142\u00f3wnego\" rel=\"nofollow\"><i class=\"fa fa-fw fa-facebook\"><\/i><div class=\"counter-wrap standard\"><span class=\"counter\">0<\/span><\/div><\/a><a class=\"social-sharing-button sharer-flat sharer-flat-2 counter-standard whatsapp\" target=\"_blank\" title=\"WhatsApp\" href=\"whatsapp:\/\/send?text=https%3A%2F%2Fpowstaniewielkopolskie.pl%2Fnowa%2F%3Fpage_id%3D5299\" data-nid=\"18\" data-name=\"\" data-pid=\"1\" data-post-id=\"5299\" data-url=\"https:\/\/powstaniewielkopolskie.pl\/nowa\/wp-admin\/admin-ajax.php\" data-url=\"https:\/\/powstaniewielkopolskie.pl\/nowa\/wp-admin\/admin-ajax.php\" data-description=\"Wzory deklaracji i wniosk\u00f3w\/ Uchwa\u0142y Zarz\u0105du G\u0142\u00f3wnego\" rel=\"nofollow\"><i class=\"fa fa-fw fa-whatsapp\"><\/i><div class=\"counter-wrap standard\"><span class=\"counter\">1<\/span><\/div><\/a><a class=\"social-sharing-button sharer-flat sharer-flat-2 counter-standard twitter\" target=\"_blank\" title=\"Twitter\" href=\"https:\/\/twitter.com\/share?url=https%3A%2F%2Fpowstaniewielkopolskie.pl%2Fnowa%2F%3Fpage_id%3D5299&text=Wzory+deklaracji+i+wniosk%C3%B3w%2F+Uchwa%C5%82y+Zarz%C4%85du+G%C5%82%C3%B3wnego\" data-nid=\"2\" data-name=\"\" data-pid=\"1\" data-post-id=\"5299\" data-url=\"https:\/\/powstaniewielkopolskie.pl\/nowa\/wp-admin\/admin-ajax.php\" data-url=\"https:\/\/powstaniewielkopolskie.pl\/nowa\/wp-admin\/admin-ajax.php\" data-description=\"Wzory deklaracji i wniosk\u00f3w\/ Uchwa\u0142y Zarz\u0105du G\u0142\u00f3wnego\" rel=\"nofollow\"><i class=\"fa fa-fw fa-twitter\"><\/i><div class=\"counter-wrap standard\"><span class=\"counter\">0<\/span><\/div><\/a><a class=\"social-sharing-button sharer-flat sharer-flat-2 counter-standard googleplus\" target=\"_blank\" title=\"Google+\" href=\"https:\/\/plus.google.com\/share?url=https%3A%2F%2Fpowstaniewielkopolskie.pl%2Fnowa%2F%3Fpage_id%3D5299\" data-nid=\"3\" data-name=\"\" data-pid=\"1\" data-post-id=\"5299\" data-url=\"https:\/\/powstaniewielkopolskie.pl\/nowa\/wp-admin\/admin-ajax.php\" data-url=\"https:\/\/powstaniewielkopolskie.pl\/nowa\/wp-admin\/admin-ajax.php\" data-description=\"Wzory deklaracji i wniosk\u00f3w\/ Uchwa\u0142y Zarz\u0105du G\u0142\u00f3wnego\" rel=\"nofollow\"><i class=\"fa fa-fw fa-google-plus\"><\/i><div class=\"counter-wrap standard\"><span class=\"counter\">2<\/span><\/div><\/a><\/div>","protected":false},"excerpt":{"rendered":"<p>Deklaracja-czlonkowska-TPPWPobierz Wnioseko nadanie Honorowej Odznaki TPPW \u201eWierni Tradycji\u201d Wnioskodawca:Imi\u0119 i nazwisko kandydata:Imi\u0119 ojca:Data i miejsce urodzenia:Adres zamieszkania:Miejsce pracy:Stanowisko:Pe\u0142nione funkcje spo\u0142eczne:Uzasadnienie:Decyzja Kapitu\u0142y: Przewodnicz\u0105cy Kapitu\u0142y Odznaki TPPW:Wnioskodawca: Data sporz\u0105dzenia wniosku: Wniosek_Odznaka (osoba fizyczna) aktualnyPobierz<a class=\"moretag\" href=\"https:\/\/powstaniewielkopolskie.pl\/nowa\/?page_id=5299\">Czytaj wi\u0119cej&#8230;<\/a><\/p>\n<div data-animation=\"pulse\" data-icons-animation=\"no-animation\" data-overlay=\"on\" data-change-size=\"\" data-button-size=\"0.7\" style=\"font-size:0.7em;display:none;\" class=\"supsystic-social-sharing supsystic-social-sharing-package-flat supsystic-social-sharing-hide-on-homepage supsystic-social-sharing-content supsystic-social-sharing-content-align-center\" data-text=\"\"><a class=\"social-sharing-button sharer-flat sharer-flat-2 counter-standard digg\" target=\"_blank\" title=\"Digg\" href=\"http:\/\/digg.com\/submit?url=https%3A%2F%2Fpowstaniewielkopolskie.pl%2Fnowa%2F%3Fpage_id%3D5299&title=Wzory+deklaracji+i+wniosk%C3%B3w%2F+Uchwa%C5%82y+Zarz%C4%85du+G%C5%82%C3%B3wnego\" data-nid=\"8\" data-name=\"\" data-pid=\"1\" data-post-id=\"5299\" data-url=\"https:\/\/powstaniewielkopolskie.pl\/nowa\/wp-admin\/admin-ajax.php\" data-url=\"https:\/\/powstaniewielkopolskie.pl\/nowa\/wp-admin\/admin-ajax.php\" data-description=\"Wzory deklaracji i wniosk\u00f3w\/ Uchwa\u0142y Zarz\u0105du G\u0142\u00f3wnego\" rel=\"nofollow\"><i class=\"fa fa-fw fa-digg\"><\/i><div class=\"counter-wrap standard\"><span class=\"counter\">4<\/span><\/div><\/a><a class=\"social-sharing-button sharer-flat sharer-flat-2 counter-standard mail\" target=\"_blank\" title=\"Mail\" href=\"#\" data-nid=\"16\" data-name=\"\" data-pid=\"1\" data-post-id=\"5299\" data-url=\"https:\/\/powstaniewielkopolskie.pl\/nowa\/wp-admin\/admin-ajax.php\" data-url=\"https:\/\/powstaniewielkopolskie.pl\/nowa\/wp-admin\/admin-ajax.php\" data-description=\"Wzory deklaracji i wniosk\u00f3w\/ Uchwa\u0142y Zarz\u0105du G\u0142\u00f3wnego\" rel=\"nofollow\"><i class=\"fa fa-fw fa-envelope-o\"><\/i><div class=\"counter-wrap standard\"><span class=\"counter\">2<\/span><\/div><\/a><a class=\"social-sharing-button sharer-flat sharer-flat-2 counter-standard facebook\" target=\"_blank\" title=\"Facebook\" href=\"http:\/\/www.facebook.com\/sharer.php?u=https%3A%2F%2Fpowstaniewielkopolskie.pl%2Fnowa%2F%3Fpage_id%3D5299\" data-nid=\"1\" data-name=\"\" data-pid=\"1\" data-post-id=\"5299\" data-url=\"https:\/\/powstaniewielkopolskie.pl\/nowa\/wp-admin\/admin-ajax.php\" data-url=\"https:\/\/powstaniewielkopolskie.pl\/nowa\/wp-admin\/admin-ajax.php\" data-description=\"Wzory deklaracji i wniosk\u00f3w\/ Uchwa\u0142y Zarz\u0105du G\u0142\u00f3wnego\" rel=\"nofollow\"><i class=\"fa fa-fw fa-facebook\"><\/i><div class=\"counter-wrap standard\"><span class=\"counter\">0<\/span><\/div><\/a><a class=\"social-sharing-button sharer-flat sharer-flat-2 counter-standard whatsapp\" target=\"_blank\" title=\"WhatsApp\" href=\"whatsapp:\/\/send?text=https%3A%2F%2Fpowstaniewielkopolskie.pl%2Fnowa%2F%3Fpage_id%3D5299\" data-nid=\"18\" data-name=\"\" data-pid=\"1\" data-post-id=\"5299\" data-url=\"https:\/\/powstaniewielkopolskie.pl\/nowa\/wp-admin\/admin-ajax.php\" data-url=\"https:\/\/powstaniewielkopolskie.pl\/nowa\/wp-admin\/admin-ajax.php\" data-description=\"Wzory deklaracji i wniosk\u00f3w\/ Uchwa\u0142y Zarz\u0105du G\u0142\u00f3wnego\" rel=\"nofollow\"><i class=\"fa fa-fw fa-whatsapp\"><\/i><div class=\"counter-wrap standard\"><span class=\"counter\">1<\/span><\/div><\/a><a class=\"social-sharing-button sharer-flat sharer-flat-2 counter-standard twitter\" target=\"_blank\" title=\"Twitter\" href=\"https:\/\/twitter.com\/share?url=https%3A%2F%2Fpowstaniewielkopolskie.pl%2Fnowa%2F%3Fpage_id%3D5299&text=Wzory+deklaracji+i+wniosk%C3%B3w%2F+Uchwa%C5%82y+Zarz%C4%85du+G%C5%82%C3%B3wnego\" data-nid=\"2\" data-name=\"\" data-pid=\"1\" data-post-id=\"5299\" data-url=\"https:\/\/powstaniewielkopolskie.pl\/nowa\/wp-admin\/admin-ajax.php\" data-url=\"https:\/\/powstaniewielkopolskie.pl\/nowa\/wp-admin\/admin-ajax.php\" data-description=\"Wzory deklaracji i wniosk\u00f3w\/ Uchwa\u0142y Zarz\u0105du G\u0142\u00f3wnego\" rel=\"nofollow\"><i class=\"fa fa-fw fa-twitter\"><\/i><div class=\"counter-wrap standard\"><span class=\"counter\">0<\/span><\/div><\/a><a class=\"social-sharing-button sharer-flat sharer-flat-2 counter-standard googleplus\" target=\"_blank\" title=\"Google+\" href=\"https:\/\/plus.google.com\/share?url=https%3A%2F%2Fpowstaniewielkopolskie.pl%2Fnowa%2F%3Fpage_id%3D5299\" data-nid=\"3\" data-name=\"\" data-pid=\"1\" data-post-id=\"5299\" data-url=\"https:\/\/powstaniewielkopolskie.pl\/nowa\/wp-admin\/admin-ajax.php\" data-url=\"https:\/\/powstaniewielkopolskie.pl\/nowa\/wp-admin\/admin-ajax.php\" data-description=\"Wzory deklaracji i wniosk\u00f3w\/ Uchwa\u0142y Zarz\u0105du G\u0142\u00f3wnego\" rel=\"nofollow\"><i class=\"fa fa-fw fa-google-plus\"><\/i><div class=\"counter-wrap standard\"><span class=\"counter\">2<\/span><\/div><\/a><\/div>","protected":false},"author":1,"featured_media":0,"parent":27,"menu_order":0,"comment_status":"closed","ping_status":"closed","template":"","meta":{"footnotes":""},"_links":{"self":[{"href":"https:\/\/powstaniewielkopolskie.pl\/nowa\/index.php?rest_route=\/wp\/v2\/pages\/5299"}],"collection":[{"href":"https:\/\/powstaniewielkopolskie.pl\/nowa\/index.php?rest_route=\/wp\/v2\/pages"}],"about":[{"href":"https:\/\/powstaniewielkopolskie.pl\/nowa\/index.php?rest_route=\/wp\/v2\/types\/page"}],"author":[{"embeddable":true,"href":"https:\/\/powstaniewielkopolskie.pl\/nowa\/index.php?rest_route=\/wp\/v2\/users\/1"}],"replies":[{"embeddable":true,"href":"https:\/\/powstaniewielkopolskie.pl\/nowa\/index.php?rest_route=%2Fwp%2Fv2%2Fcomments&post=5299"}],"version-history":[{"count":10,"href":"https:\/\/powstaniewielkopolskie.pl\/nowa\/index.php?rest_route=\/wp\/v2\/pages\/5299\/revisions"}],"predecessor-version":[{"id":10157,"href":"https:\/\/powstaniewielkopolskie.pl\/nowa\/index.php?rest_route=\/wp\/v2\/pages\/5299\/revisions\/10157"}],"up":[{"embeddable":true,"href":"https:\/\/powstaniewielkopolskie.pl\/nowa\/index.php?rest_route=\/wp\/v2\/pages\/27"}],"wp:attachment":[{"href":"https:\/\/powstaniewielkopolskie.pl\/nowa\/index.php?rest_route=%2Fwp%2Fv2%2Fmedia&parent=5299"}],"curies":[{"name":"wp","href":"https:\/\/api.w.org\/{rel}","templated":true}]}}